factor of f and d.
18
Suppose 160 = 2*q + d - 6*d, d = -2. What is the highest common factor of q and 15?
15
Suppose 5*u - 3*l = 154, 5*u + 0 - 170 = -5*l. What is the highest common divisor of 16 and u?
16
Let f = 42 + -13. Let d = -15 + f. What is the highest common factor of d and 28?
14
Suppose 3*h - 432 = -0*h. Calculate the greatest common divisor of 18 and h.
18
Let u(c) = -c**2 - 18*c - 21. Let s be u(-16). What is the highest common factor of 121 and s?
11
Let a(v) = -2*v - 1. Let o be a(-3). Suppose 0 = o*n - 4*n - 23. What is the highest common divisor of 23 and n?
23
Let w = 4 - 1. Let k be -3*2/(-4)*10. Suppose -k = -3*j + j - 5*d, 2*d = -6. What is the highest common divisor of w and j?
3
Suppose 0 = i + i - 8. Suppose 0 = -i*m - 0*m + 432. Suppose f + m = 5*f. What is the highest common divisor of 18 and f?
9
Let i be 0 + -4*2/(-4). Let m be ((-57)/6)/(i/(-4)). Calculate the greatest common divisor of m and 19.
19
Let p be 62 + -1 + 2 + (-5 - -6). Calculate the greatest common divisor of 96 and p.
32
Let y = -35 - -126. What is the highest common factor of y and 7?
7
Suppose 4*w + 2*q - 46 = 0, 3*w - 2*q = -3*q + 35. What is the highest common divisor of w and 12?
12
Suppose 0 = -5*t - 18 - 7. Let q be ((-14)/4)/(2/(-8)). Let z = q - t. What is the greatest common divisor of z and 19?
19
Let s(p) = 4*p**2 + 9*p + 4. Let t be s(-4). What is the highest common divisor of t and 16?
16
Suppose -3*x + 20 = s, 5*x = s - 2*s + 24. What is the highest common factor of s and 140?
14
Suppose 0 = o + 1 - 23. Let u be 291/33 + 4/o. Calculate the greatest common divisor of 1 and u.
1
Suppose 27 = 3*q - 33. Suppose 4*y - q = 76. What is the highest common factor of 36 and y?
12
Let f be 130/(2 + 0) - 1. What is the highest common divisor of f and 8?
8
Suppose 0 = 2*u - 2*v - 2, u + 1 = 2*v + v. Suppose -z - 744 = u*z. Let q = -95 - z. Calculate the highest common factor of q and 17.
17
Let u(t) = -2*t + 7. Let j be u(3). Let z be 2*-28*(j + -2). Calculate the greatest common factor of z and 7.
7
Let a = 82 + -59. What is the greatest common factor of 253 and a?
23
Let p(m) = -3*m**2 + 15*m + 11. Let z be p(5). Suppose 154 = -4*b + 6*b. What is the greatest common factor of z and b?
11
Suppose s + 2*q + 3*q - 24 = 0, 3*s = -4*q + 28. Let z be (12/(-14))/(6*(-4)/112). Calculate the greatest common divisor of s and z.
4
Suppose 0*l = l - 139. Suppose -t - l = -4*n, -t - 119 = -4*n + 4*t. Let c = 50 - 26. What is the highest common factor of c and n?
12
Let w = -282 - -502. Calculate the greatest common factor of w and 20.
20
Let f be 8/6*(-102)/(-4). Calculate the highest common divisor of f and 170.
34
Suppose -149 + 53 = -8*g. Suppose -f - 31 = -2*h - 4, 0 = 3*f + 9. What is the highest common divisor of g and h?
12
Let c be 4*22 + 0/(-3). What is the highest common factor of c and 8?
8
Let l be (19/(-4))/(2/(-16)). Calculate the greatest common divisor of 38 and l.
38
Let f be -33*(0 - (-3)/(-9)). Calculate the greatest common divisor of 22 and f.
11
Suppose m - 46 = n + n, -107 = -2*m + n. What is the highest common factor of m and 42?
14
Let m = 16 + 138. What is the greatest common factor of m and 14?
14
Let c(b) = -b**3 - 7*b**2 - 10*b + 10. Let q be c(-5). Calculate the highest common factor of 8 and q.
2
Let y(l) = -l**2 - 2*l + 4. Let a be y(-2). What is the greatest common divisor of 8 and a?
4
Let b = 4 + -9. Let t be ((-6)/5)/(b/150). Suppose 45 = o + 4*o. What is the greatest common divisor of o and t?
9
Let u = 156 + 51. Let x = u - 122. What is the greatest common factor of 34 and x?
17
Suppose 0 = -5*t + 8*t - 42. What is the greatest common factor of t and 266?
14
Suppose -2 + 20 = 3*d - 4*l, -12 = -2*d + 4*l. What is the highest common divisor of 6 and d?
6
Let k(q) = -2*q**3 + 2*q**2 + 3*q. Let f be k(-3). Let i = -13 + 7. Let p(m) = -2*m - 5. Let b be p(i). Calculate the highest common factor of f and b.
7
Let x(r) be the second derivative of -2*r**3 + 3*r**2 + 3*r**2 + 27*r - 29*r. Let b be x(-9). Calculate the greatest common divisor of 48 and b.
24
Suppose 3*l + 2*l = 20. Suppose l*n = 3 - 11. Let z be (6 - 0)/((-3)/n). What is the greatest common factor of z and 4?
4
Let l(s) = -4*s - 6. Let r = 5 - 10. Let i be l(r). Suppose 25 - 109 = -2*z. Calculate the greatest common factor of z and i.
14
Let b be 3/2*(3 - 466/(-6)). Let f(m) = 2*m**2 + m + 1. Let a be f(2). What is the greatest common factor of a and b?
11
Suppose 3 = 2*f + 5*w - 11, 0 = -3*f - 4*w + 14. Suppose -d = -0*d + 4*t - 66, d - f*t - 42 = 0. Calculate the highest common factor of d and 10.
10
Let r(v) = -v - 7. Let b be r(-6). Let g be 12*3 + (b - 0). Calculate the greatest common factor of 5 and g.
5
Let j be (-10)/(-25)*41 - (-4)/(-10). What is the greatest common divisor of j and 4?
4
Suppose 3*q - 56 - 10 = 0. Calculate the highest common divisor of q and 88.
22
Let j = 85 - 59. What is the greatest common factor of j and 78?
26
Suppose 39 = y + 2*n, -y + 109 = 2*y + 2*n. What is the highest common divisor of y and 14?
7
Let u(o) = o**2 + 2*o + 3. Let t be u(-2). Suppose l = t*j + 5, 2*j - 15 = -2*l + 3. Calculate the highest common factor of 8 and l.
8
Suppose 6*k + 0*k = 138. Calculate the highest common factor of 23 and k.
23
Suppose -4*a = -2*a - 42. Let v = 493 + -346. What is the greatest common divisor of v and a?
21
Let d(t) be the second derivative of -t**4/12 - 2*t**3/3 + t**2/2 + t. Let v be d(-3). Suppose -3*y + v = -2*y. Calculate the highest common factor of y and 36.
4
Let c = -98 - -134. What is the greatest common divisor of 108 and c?
36
Let u(s) be the first derivative of 2*s**2 - 2*s - 2. Let x be u(6). Let i be (-3 - -2)/((-2)/22). What is the highest common factor of i and x?
11
Let c(w) = -w**3 + 7*w**2 + 2*w - 8. Let m be c(7). Calculate the highest common factor of m and 30.
6
Suppose -2*y = 2*y + 28. Let j = 6 - y. Calculate the highest common divisor of j and 143.
13
Let u(o) = 6*o - 6*o + 10 - o. Suppose -4*n = -n. Let p be u(n). Calculate the greatest common divisor of 30 and p.
10
Suppose -4*w + 60 = -0*w. Suppose w = 2*c - c. Let n be -165*(1 - (-1 + 3)). What is the greatest common divisor of c and n?
15
Suppose 18 = d + 2*d. Let w(j) = j**3 - j**2 - j + 12. Let q be w(0). Calculate the greatest common factor of d and q.
6
Suppose -5*h = 5, -4*n + 2*h + 0 - 6 = 0. Let f be (1/n)/(4/(-32)). Let k be (7 - f) + 2*21. What is the highest common factor of k and 30?
15
Let u(t) = t - 8. Let h(s) = 1. Let n(y) = 5*h(y) + u(y). Let f be n(7). Calculate the highest common divisor of 28 and f.
4
Let f(w) = -7*w + 7. Suppose 32 + 13 = -5*h. Let k be f(h). Let t = 33 + -19. Calculate the greatest common divisor of t and k.
14
Let m = -70 + 97. What is the greatest common divisor of 54 and m?
27
Let k(h) = -16*h - 4. Let t be k(-4). Let c = 13 - -11. What is the highest common divisor of t and c?
12
Let m(i) = 17*i - 5. Let a(w) = 33*w - 9. Let g(n) = 6*a(n) - 11*m(n). Let s be g(2). Let t = -495 - -702. What is the greatest common factor of t and s?
23
Let z be ((-3)/(-6))/(1*3/6). What is the highest common factor of z and 8?
1
Let j(x) be the second derivative of x**3/2 - 3*x. Let q be j(1). Suppose 3 + q = 3*w. What is the greatest common divisor of 5 and w?
1
Suppose 5*c + 3*u - 10 = 19, -26 = -5*c - 2*u. What is the greatest common divisor of c and 12?
4
Suppose -5*z = 5, 5 = 3*m - m + 3*z. Let x be (-279)/(-12) + 3/m. What is the greatest common factor of 12 and x?
12
Suppose -41 = 2*d - 61. Calculate the highest common factor of d and 4.
2
Let y = -149 + 325. What is the greatest common factor of y and 16?
16
Suppose -3*b + b + 861 = 3*f, 861 = 3*f - 4*b. What is the greatest common factor of 41 and f?
41
Suppose 0*m + 14 = -2*m. Let c be 0 + 2 - 1 - m. Let o = -13 - -45. What is the greatest common divisor of o and c?
8
Let h = -105 - -124. Suppose -3*n + 8*f + 300 = 3*f, 4*n = 2*f + 386. What is the greatest common divisor of h and n?
19
Let z(x) = -3*x - 1. Let y be z(-12). What is the highest common factor of 14 and y?
7
Suppose 4*d + 60 = 6*d. Let b = -17 + d. What is the greatest common divisor of 13 and b?
13
Let k(y) be the first derivative of y**3/3 + 2*y + 10. Let s(r) = r**2 + 5*r - 3. Let o be s(-5). Let w b